t is the ten thousands digit of 3817000?
1
What is the millions digit of 8144302?
8
What is the tens digit of 187497?
9
What is the ten millions digit of 28938564?
2
What is the thousands digit of 3516554?
6
What is the tens digit of 1749677?
7
What is the thousands digit of 14546341?
6
What is the hundreds digit of 33477707?
7
What is the hundreds digit of 6206475?
4
What is the ten thousands digit of 26292085?
9
What is the hundreds digit of 4140058?
0
What is the hundreds digit of 323232?
2
What is the units digit of 668596?
6
What is the ten thousands digit of 1322862?
2
What is the ten thousands digit of 7539500?
3
What is the ten thousands digit of 6530813?
3
What is the hundred thousands digit of 326134?
3
What is the units digit of 256947?
7
What is the hundred thousands digit of 8094441?
0
What is the hundred thousands digit of 482714?
4
What is the tens digit of 296446?
4
What is the hundred thousands digit of 4685378?
6
What is the hundred thousands digit of 6900729?
9
What is the ten thousands digit of 889976?
8
What is the hundred thousands digit of 1345798?
3
What is the hundred thousands digit of 139456?
1
What is the units digit of 2143765?
5
What is the tens digit of 15051034?
3
What is the hundreds digit of 44743198?
1
What is the units digit of 155115?
5
What is the thousands digit of 249754?
9
What is the thousands digit of 939998?
9
What is the ten thousands digit of 438169?
3
What is the units digit of 5440922?
2
What is the tens digit of 4080226?
2
What is the tens digit of 770096?
9
What is the millions digit of 13060468?
3
What is the hundreds digit of 6085769?
7
What is the hundred thousands digit of 5553963?
5
What is the ten thousands digit of 198788?
9
What is the units digit of 7087898?
8
What is the tens digit of 167929?
2
What is the thousands digit of 757136?
7
What is the hundred thousands digit of 6347942?
3
What is the millions digit of 1888696?
1
What is the tens digit of 1483896?
9
What is the hundreds digit of 540345?
3
What is the hundreds digit of 601011?
0
What is the units digit of 74090?
0
What is the ten thousands digit of 362301?
6
What is the hundreds digit of 936402?
4
What is the units digit of 2242657?
7
What is the hundreds digit of 6680849?
8
What is the units digit of 11921191?
1
What is the hundreds digit of 914722?
7
What is the thousands digit of 677966?
7
What is the hundreds digit of 503711?
7
What is the thousands digit of 145768?
5
What is the units digit of 8090980?
0
What is the hundred thousands digit of 1899022?
8
What is the millions digit of 9934461?
9
What is the thousands digit of 155964?
5
What is the hundreds digit of 5217164?
1
What is the tens digit of 4598214?
1
What is the hundreds digit of 7727602?
6
What is the thousands digit of 836136?
6
What is the ten thousands digit of 666105?
6
What is the thousands digit of 95755?
5
What is the tens digit of 220727?
2
What is the millions digit of 5993620?
5
What is the tens digit of 211185?
8
What is the tens digit of 2160552?
5
What is the hundred thousands digit of 205690?
2
What is the thousands digit of 1430440?
0
What is the hundreds digit of 8339610?
6
What is the units digit of 1024206?
6
What is the ten thousands digit of 1989135?
8
What is the hundreds digit of 1648253?
2
What is the hundreds digit of 453945?
9
What is the tens digit of 11654254?
5
What is the hundreds digit of 114113?
1
What is the hundreds digit of 364333?
3
What is the ten thousands digit of 1477179?
7
What is the units digit of 63088?
8
What is the ten millions digit of 17297586?
1
What is the hundreds digit of 1109032?
0
What is the tens digit of 608961?
6
What is the ten thousands digit of 2410508?
1
What is the ten thousands digit of 1986143?
8
What is the thousands digit of 3658815?
8
What is the hundred thousands digit of 1312022?
3
What is the ten thousands digit of 439889?
3
What is the hundreds digit of 90973?
9
What is the ten thousands digit of 3341750?
4
What is the units digit of 7977324?
4
What is the ten thousands digit of 149521?
4
What is the hundreds digit of 1945494?
4
What is the thousands digit of 2710415?
0
What is the hundreds digit of 10385864?
8
What is the tens digit of 42624620?
2
What is the thousands digit of 1135045?
5
What is the hundred thousands digit of 609722?
6
What is the tens digit of 5067763?
6
What is the hundreds digit of 7212305?
3
What is the ten thousands digit of 1350005?
5
What is the ten thousands digit of 353428?
5
What is the thousands digit of 10964175?
4
What is the millions digit of 4738821?
4
What is the hundreds digit of 4350717?
7
What is the ten thousands digit of 60650?
6
What is the thousands digit of 4156008?
6
What is the hundred thousands digit of 600095?
6
What is the millions digit of 4698437?
4
What is the units digit of 29802357?
7
What is the units digit of 19096?
6
What is the thousands digit of 2663698?
3
What is the thousands digit of 92647?
2
What is the ten thousands digit of 19119901?
1
What is the ten thousands digit of 607940?
0
What is the tens digit of 20659?
5
What is the tens digit of 500806?
0
What is the tens digit of 1077161?
6
What is the units digit of 329506?
6
What is the tens digit of 10409681?
8
What is the units digit of 1266988?
8
What is the units digit of 900755?
5
What is the tens digit of 2025123?
2
What is the millions digit of 42742404?
2
What is the thousands digit of 170418?
0
What is the units digit of 5352184?
4
What is the hundreds digit of 833130?
1
What is the hundred thousands digit of 209322?
2
What is the ten thousands digit of 2462341?
6
What is the units digit of 2317570?
0
What is the ten thousands digit of 317105?
1
What is the ten thousands digit of 3794329?
9
What is the hundred thousands digit of 4543226?
5
What is the ten thousands digit of 5123784?
2
What is the hundred thousands digit of 897147?
8
What is the hundred thousands digit of 1788075?
7
What is the thousands digit of 335106?
5
What is the tens digit of 1157771?
7
What is the hundreds digit of 29723?
7
What is the units digit of 31875?
5
What is the thousands digit of 791955?
1
What is the thousands digit of 644924?
4
What is the tens digit of 1450133?
3
What is the units digit of 118794?
4
What is the hundred thousands digit of 278371?
2
What is the hundred thousands digit of 4398441?
3
What is the tens digit of 823032?
3
What is the units digit of 1828987?
7
What is the units digit of 5953697?
7
What is the hundreds digit of 362822?
8
What is the millions digit of 17985112?
7
What is the units digit of 453579?
9
What is the units digit of 167110?
0
What is the units digit of 11596756?
6
What is the units digit of 526931?
1
What is the units digit of 1298169?
9
What is the tens digit of 13206045?
4
What is the units digit of 3337159?
9
What is the hundreds digit of 690394?
3
What is the units digit of 4475027?
7
What is the units digit of 1861517?
7
What is the units digit of 1732784?
4
What is the units digit of 546817?
7
What is the units digit of 97408?
8
What is the thousands digit of 4829074?
9
What is the hundred thousands digit of 7488439?
4
What is the hundreds digit of 432572?
5
What is the thousands digit of 157526?
7
What is the tens digit of 103799?
9
What is the units digit of 284952?
2
What is the ten thousands digit of 6394344?
9
What is the millions digit of 10324749?
0
What is the ten thousands digit of 45104?
4
What is the thousands digit of 2210631?
0
What is the hundreds digit of 892968?
9
What is the hundreds digit of 2416159?
1
What is the hundreds digit of 2879931?
9
What is the hundred thousands digit of 241299?
2
What is the ten thousands digit of 505527?
0
What is the tens digit of 367752?
5
What is the millions digit of 1334977?
1
What is the hundreds digit of 1435588?
5
What is the thousands digit of 30222657?
2
What is the units digit of 553470?
0
What is the ten thousands digit of 1386969?
8
What is the hundred thousands digit of 258794?
2
What is the tens digit of 80863?
6
What is the millions digit of 3688053?
3
What is the units digit of 21474384?
4
What is the hundred thousands digit of 218170?
2
What is the hundreds digit of 242957?
9
What is the hundreds digit of 11261126?
1
What is the units digit of 534087?
7
What is the hundred thous